You are on page 1of 7

--------- beginning of main

01-01 16:14:23.452 7937 7937 D MainActivity: onCreate


01-01 16:14:23.996 7937 7937 D MediaFragment: onCreateView
01-01 16:14:24.077 7937 7937 D MainActivity:
path=/data/user/0/com.Pad.tvapp/files
01-01 16:14:24.079 7937 7937 D AssetsUtil: countries>>4
01-01 16:14:24.079 7937 7937 D AssetsUtil: countries>>4
01-01 16:14:24.079 7937 7937 D AssetsUtil: countries>>2
01-01 16:14:24.079 7937 7937 D AssetsUtil: countries>>1
01-01 16:14:24.079 7937 7937 D AssetsUtil: countries>>4
01-01 16:14:24.079 7937 7937 D AssetsUtil: countries>>4
01-01 16:14:24.080 7937 7937 D AssetsUtil: countries>>4
01-01 16:14:24.080 7937 7937 D AssetsUtil: countries>>2
01-01 16:14:24.080 7937 7937 D AssetsUtil: countries>>4
01-01 16:14:24.080 7937 7937 D AssetsUtil: countries>>5
01-01 16:14:24.080 7937 7937 D AssetsUtil: countries>>2
01-01 16:14:24.080 7937 7937 D AssetsUtil: countries>>4
01-01 16:14:24.080 7937 7937 D AssetsUtil: countries>>6
01-01 16:14:24.080 7937 7937 D AssetsUtil: countries>>4
01-01 16:14:24.080 7937 7937 D AssetsUtil: countries>>4
01-01 16:14:24.080 7937 7937 D AssetsUtil: countries>>4
01-01 16:14:24.080 7937 7937 D AssetsUtil: countries>>4
01-01 16:14:24.080 7937 7937 D AssetsUtil: countries>>4
01-01 16:14:24.080 7937 7937 D AssetsUtil: countries>>4
01-01 16:14:24.080 7937 7937 D AssetsUtil: countries>>4
01-01 16:14:24.081 7937 7937 D AssetsUtil: countries>>4
01-01 16:14:24.081 7937 7937 D AssetsUtil: countries>>4
01-01 16:14:24.081 7937 7937 D AssetsUtil: countries>>4
01-01 16:14:24.081 7937 7937 D AssetsUtil: countries>>4
01-01 16:14:24.081 7937 7937 D AssetsUtil: countries>>4
01-01 16:14:24.081 7937 7937 D AssetsUtil: countries>>7
01-01 16:14:24.081 7937 7937 D AssetsUtil: countries>>4
01-01 16:14:24.081 7937 7937 D AssetsUtil: countries>>4
01-01 16:14:24.081 7937 7937 D AssetsUtil: countries>>4
01-01 16:14:24.082 7937 7937 D AssetsUtil: countries>>6
01-01 16:14:24.082 7937 7937 D AssetsUtil: countries>>5
01-01 16:14:24.082 7937 7937 D AssetsUtil: countries>>4
01-01 16:14:24.082 7937 7937 D AssetsUtil: countries>>4
01-01 16:14:24.082 7937 7937 D AssetsUtil: countries>>4
01-01 16:14:24.082 7937 7937 D AssetsUtil: countries>>4
01-01 16:14:24.082 7937 7937 D AssetsUtil: countries>>4
01-01 16:14:24.082 7937 7937 D AssetsUtil: countries>>4
01-01 16:14:24.082 7937 7937 D AssetsUtil: countries>>4
01-01 16:14:24.082 7937 7937 D AssetsUtil: countries>>5
01-01 16:14:24.082 7937 7937 D AssetsUtil: countries>>4
01-01 16:14:24.082 7937 7937 D AssetsUtil: countries>>4
01-01 16:14:24.082 7937 7937 D AssetsUtil: countries>>4
01-01 16:14:24.082 7937 7937 D AssetsUtil: countries>>4
01-01 16:14:24.083 7937 7937 D AssetsUtil: countries>>4
01-01 16:14:24.083 7937 7937 D AssetsUtil: countries>>2
01-01 16:14:24.083 7937 7937 D AssetsUtil: countries>>2
01-01 16:14:24.083 7937 7937 D AssetsUtil: countries>>4
01-01 16:14:24.083 7937 7937 D AssetsUtil: countries>>4
01-01 16:14:24.083 7937 7937 D AssetsUtil: countries>>4
01-01 16:14:24.083 7937 7937 D AssetsUtil: countries>>3
01-01 16:14:24.083 7937 7937 D AssetsUtil: countries>>4
01-01 16:14:24.083 7937 7937 D AssetsUtil: countries>>4
01-01 16:14:24.084 7937 7937 D AssetsUtil: countries>>3
01-01 16:14:24.084 7937 7937 D AssetsUtil: countries>>4
01-01 16:14:24.084 7937 7937 D AssetsUtil: countries>>4
01-01 16:14:24.084 7937 7937 D AssetsUtil: countries>>4
01-01 16:14:24.084 7937 7937 D AssetsUtil: countries>>4
01-01 16:14:24.084 7937 7937 D AssetsUtil: countries>>4
01-01 16:14:24.084 7937 7937 D AssetsUtil: countries>>6
01-01 16:14:24.084 7937 7937 D AssetsUtil: countries>>3
01-01 16:14:24.084 7937 7937 D AssetsUtil: countries>>8
01-01 16:14:24.085 7937 7937 D AssetsUtil: countries>>4
01-01 16:14:24.085 7937 7937 D AssetsUtil: countries>>5
01-01 16:14:24.085 7937 7937 D AssetsUtil: countries>>4
01-01 16:14:24.085 7937 7937 D AssetsUtil: freqList>>>1
01-01 16:14:24.085 7937 7937 D AssetsUtil: freqList>>>2
01-01 16:14:24.086 7937 7937 D AssetsUtil: freqList>>>3
01-01 16:14:24.086 7937 7937 D AssetsUtil: freqList>>>4
01-01 16:14:24.087 7937 7937 D AssetsUtil: freqList>>>5
01-01 16:14:24.087 7937 7937 D AssetsUtil: freqList>>>6
01-01 16:14:24.088 7937 7937 D AssetsUtil: freqList>>>7
01-01 16:14:24.088 7937 7937 D AssetsUtil: freqList>>>8
01-01 16:14:24.088 7937 7937 D AssetsUtil: freqList>>>9
01-01 16:14:24.177 7937 8051 I DpmTcmClient: RegisterTcmMonitor from:
com.android.okhttp.TcmIdleTimerMonitor
01-01 16:14:24.179 7937 7937 D MainActivity: onStart
01-01 16:14:24.179 7937 7937 D MainActivity: onResume
01-01 16:14:24.184 7937 7937 D DVBClient: #DVBClient connect
01-01 16:14:24.188 7937 7937 D DVBClient:
setEventListener:com.Pad.tvapp.MainActivity$7@5704396
01-01 16:14:24.196 7937 8066 D OpenGLRenderer: Use EGL_SWAP_BEHAVIOR_PRESERVED:
true
01-01 16:14:24.259 8057 8057 D UpgradeService: onStartCommand
action=com.geniatech.update.check
01-01 16:14:24.283 8057 8057 D UpgradeService: mUpdateReceiver
action=com.geniatech.update.status.changed
01-01 16:14:24.296 7937 7937 I ##JNI PadTV##: Enter JNI Load Line=1392
01-01 16:14:24.296 7937 7937 I ##JNI PadTV##: Enter JNI Load Line=TVd
01-01 16:14:24.316 8057 8085 I DpmTcmClient: RegisterTcmMonitor from:
org.apache.http.impl.conn.TcmIdleTimerMonitor
01-01 16:14:24.317 8057 8085 W System : ClassLoader referenced unknown path:
/system/framework/com.qualcomm.qti.GBAHttpAuthentication.jar
01-01 16:14:24.317 7937 8066 I Adreno : QUALCOMM build :
bf7710d, I0bc8e21cf2
01-01 16:14:24.317 7937 8066 I Adreno : Build Date :
03/09/16
01-01 16:14:24.317 7937 8066 I Adreno : OpenGL ES Shader Compiler Version:
XE031.06.00.02
01-01 16:14:24.317 7937 8066 I Adreno : Local Branch :
01-01 16:14:24.317 7937 8066 I Adreno : Remote Branch :
quic/LA.BF64.1.2.2_rb4.28
01-01 16:14:24.317 7937 8066 I Adreno : Remote Branch : NONE
01-01 16:14:24.317 7937 8066 I Adreno : Reconstruct Branch :
NOTHING
01-01 16:14:24.327 7937 8066 I OpenGLRenderer: Initialized EGL, version 1.4
01-01 16:14:24.347 7937 7984 W VideoGLSurfaceView: creating OpenGL ES 2.0 context
01-01 16:14:24.348 7937 7937 E Share : OnekeyShare--MainActivity msg.what:1
01-01 16:14:24.350 7937 7937 D MainActivity: mUpdateReceiver
action=com.geniatech.update.status.changed
01-01 16:14:24.351 7937 7937 D DVBClient: register :
com.Pad.tvservice.DVBClient$2@3478a5
01-01 16:14:24.352 7937 7937 D DVBService: open_device
path=/data/user/0/com.Pad.tvapp/files
01-01 16:14:24.353 7937 7937 D DVBService: open_device hdb=-183715200
01-01 16:14:24.353 7937 7937 I ##JNI PadTV##: PadTV=>1514798064: ##PadTV_Init
In##
01-01 16:14:24.353 7937 7937 I ##JNI PadTV##:
01-01 16:14:24.353 7937 7937 I ##JNI PadTV##: PadTV=>1514798064: ##PadTV_Init
Int DVBMgr ## Line=268
01-01 16:14:24.353 7937 7937 I ##JNI PadTV##:
01-01 16:14:24.353 7937 7937 I ##JNI PadTV##: PadTV=>1514798064: ###DVBMgr==>
DVBMgr priv=-559484888 In Line=278
01-01 16:14:24.365 7937 7937 I ##JNI PadTV##: PadTV=>1514798064: ###DVBMgr==>
DVBMgr Out Line=290
01-01 16:14:24.365 7937 7937 I ##JNI PadTV##: PadTV=>1514798064: ###DVBMgr==>
Init In Line=459
01-01 16:14:24.365 7937 7937 I ##JNI PadTV##: PadTV=>1514798064: ###DrvFactory==>
Init m_priv=842346807 In Line=94
01-01 16:14:24.365 7937 7937 I ##JNI PadTV##: ##UsbDrv_GetVendorId In##
01-01 16:14:24.366 7937 7937 I ##JNI PadTV##: ##UsbDrv_GetVendorId Out
VendorPid=0 ##
01-01 16:14:24.366 7937 7937 I ##JNI PadTV##: ##JNI UsbDrv_GetProductId In##
01-01 16:14:24.366 7937 7937 I ##JNI PadTV##: ##jni UsbDrv_GetProductId Out
ProductId=0##
01-01 16:14:24.366 7937 7937 I ##JNI PadTV##: PadTV=>1514798064: get_deviceIndex
open =/dev/dvb0.frontend0 failed Line=43
01-01 16:14:24.366 7937 7937 I ##JNI PadTV##: PadTV=>1514798064: get_deviceIndex
open =/dev/dvb1.frontend0 failed Line=43
01-01 16:14:24.366 7937 7937 I ##JNI PadTV##: PadTV=>1514798064: #DrvFactory Init
VendorId=0 ProductId=0
01-01 16:14:24.366 7937 7937 I ##JNI PadTV##: PadTV=>1514798064: Init
m_pDrvFactory->Init failed Line=468!
01-01 16:14:24.366 7937 7937 I ##JNI PadTV##: ##PadTV_Init Out##
01-01 16:14:24.366 7937 7937 I MainActivity: open_device ret = 100
01-01 16:14:24.367 7937 7937 E MainActivity: MainActivity hideBar
01-01 16:14:24.377 7937 7984 D VideoGLSurfaceRenderer:
###onSurfaceChanged:1776;1080
01-01 16:14:24.513 7937 7984 I libgl2jni: glGetAttribLocation("vPosition") = 0
01-01 16:14:24.513 7937 7984 I libgl2jni: gvTextureHandle("a_texCoord") = 1
01-01 16:14:24.513 7937 7984 I libgl2jni:
>>>>>>>>>>>>>>>>>>>>>>>>nativeOnSurfaceChanged mode= 0
01-01 16:14:24.643 7937 7937 I Timeline: Timeline: Activity_idle id:
android.os.BinderProxy@208155e time:186376324
01-01 16:14:26.010 8057 8085 D PadTVUpdateCheck: getContent
01-01 16:14:26.011 8057 8085 D PadTVUpdateCheck: verCode=37
01-01 16:14:26.013 8057 8085 D PadTVUpdateCheck: getAppVersionCode >>38
01-01 16:14:26.015 7937 7937 D MainActivity: mUpdateReceiver
action=com.geniatech.update.status.changed
01-01 16:14:26.015 8057 8057 D UpgradeService: mUpdateReceiver
action=com.geniatech.update.status.changed
01-01 16:14:26.227 7937 7937 D MainActivity: action=0
01-01 16:14:26.227 7937 7937 D MainActivity: id=2131427329,2131427329
01-01 16:14:26.253 7937 7937 D MainActivity: action=2
01-01 16:14:26.253 7937 7937 D MainActivity: id=2131427329,2131427329
01-01 16:14:26.269 7937 7937 D MainActivity: action=2
01-01 16:14:26.269 7937 7937 D MainActivity: id=2131427329,2131427329
01-01 16:14:26.286 7937 7937 D MainActivity: action=2
01-01 16:14:26.286 7937 7937 D MainActivity: id=2131427329,2131427329
01-01 16:14:26.303 7937 7937 D MainActivity: action=2
01-01 16:14:26.303 7937 7937 D MainActivity: id=2131427329,2131427329
01-01 16:14:26.319 7937 7937 D MainActivity: action=2
01-01 16:14:26.319 7937 7937 D MainActivity: id=2131427329,2131427329
01-01 16:14:26.336 7937 7937 D MainActivity: action=2
01-01 16:14:26.336 7937 7937 D MainActivity: id=2131427329,2131427329
01-01 16:14:26.352 7937 7937 D MainActivity: action=2
01-01 16:14:26.352 7937 7937 D MainActivity: id=2131427329,2131427329
01-01 16:14:26.369 7937 7937 D MainActivity: action=2
01-01 16:14:26.369 7937 7937 D MainActivity: id=2131427329,2131427329
01-01 16:14:26.386 7937 7937 D MainActivity: action=2
01-01 16:14:26.387 7937 7937 D MainActivity: id=2131427329,2131427329
01-01 16:14:26.402 7937 7937 D MainActivity: action=2
01-01 16:14:26.402 7937 7937 D MainActivity: id=2131427329,2131427329
01-01 16:14:26.418 7937 7937 D MainActivity: action=2
01-01 16:14:26.418 7937 7937 D MainActivity: id=2131427329,2131427329
01-01 16:14:26.425 7937 7937 D MainActivity: action=2
01-01 16:14:26.425 7937 7937 D MainActivity: id=2131427329,2131427329
01-01 16:14:26.426 7937 7937 D MainActivity: action=1
01-01 16:14:26.426 7937 7937 D MainActivity: id=2131427329,2131427329
01-01 16:14:31.135 7937 7937 D MainActivity: action=0
01-01 16:14:31.135 7937 7937 D MainActivity: id=2131427329,2131427329
01-01 16:14:31.147 7937 7937 D MainActivity: action=2
01-01 16:14:31.148 7937 7937 D MainActivity: id=2131427329,2131427329
01-01 16:14:31.164 7937 7937 D MainActivity: action=2
01-01 16:14:31.164 7937 7937 D MainActivity: id=2131427329,2131427329
01-01 16:14:31.180 7937 7937 D MainActivity: action=2
01-01 16:14:31.180 7937 7937 D MainActivity: id=2131427329,2131427329
01-01 16:14:31.197 7937 7937 D MainActivity: action=2
01-01 16:14:31.198 7937 7937 D MainActivity: id=2131427329,2131427329
01-01 16:14:31.214 7937 7937 D MainActivity: action=2
01-01 16:14:31.214 7937 7937 D MainActivity: id=2131427329,2131427329
01-01 16:14:31.231 7937 7937 D MainActivity: action=2
01-01 16:14:31.231 7937 7937 D MainActivity: id=2131427329,2131427329
01-01 16:14:31.248 7937 7937 D MainActivity: action=2
01-01 16:14:31.248 7937 7937 D MainActivity: id=2131427329,2131427329
01-01 16:14:31.268 7937 7937 D MainActivity: action=2
01-01 16:14:31.268 7937 7937 D MainActivity: id=2131427329,2131427329
01-01 16:14:31.276 7937 7937 D MainActivity: action=2
01-01 16:14:31.276 7937 7937 D MainActivity: id=2131427329,2131427329
01-01 16:14:31.278 7937 7937 D MainActivity: action=1
01-01 16:14:31.279 7937 7937 D MainActivity: id=2131427329,2131427329
01-01 16:14:31.663 7937 7937 D MainActivity: action=0
01-01 16:14:31.663 7937 7937 D MainActivity: id=2131427329,2131427329
01-01 16:14:31.676 7937 7937 D MainActivity: action=2
01-01 16:14:31.676 7937 7937 D MainActivity: id=2131427329,2131427329
01-01 16:14:31.693 7937 7937 D MainActivity: action=2
01-01 16:14:31.693 7937 7937 D MainActivity: id=2131427329,2131427329
01-01 16:14:31.710 7937 7937 D MainActivity: action=2
01-01 16:14:31.710 7937 7937 D MainActivity: id=2131427329,2131427329
01-01 16:14:31.726 7937 7937 D MainActivity: action=2
01-01 16:14:31.726 7937 7937 D MainActivity: id=2131427329,2131427329
01-01 16:14:31.745 7937 7937 D MainActivity: action=2
01-01 16:14:31.745 7937 7937 D MainActivity: id=2131427329,2131427329
01-01 16:14:31.759 7937 7937 D MainActivity: action=2
01-01 16:14:31.759 7937 7937 D MainActivity: id=2131427329,2131427329
01-01 16:14:31.777 7937 7937 D MainActivity: action=2
01-01 16:14:31.777 7937 7937 D MainActivity: id=2131427329,2131427329
01-01 16:14:31.795 7937 7937 D MainActivity: action=2
01-01 16:14:31.795 7937 7937 D MainActivity: id=2131427329,2131427329
01-01 16:14:31.809 7937 7937 D MainActivity: action=2
01-01 16:14:31.809 7937 7937 D MainActivity: id=2131427329,2131427329
01-01 16:14:31.827 7937 7937 D MainActivity: action=2
01-01 16:14:31.827 7937 7937 D MainActivity: id=2131427329,2131427329
01-01 16:14:31.843 7937 7937 D MainActivity: action=2
01-01 16:14:31.843 7937 7937 D MainActivity: id=2131427329,2131427329
01-01 16:14:31.860 7937 7937 D MainActivity: action=2
01-01 16:14:31.860 7937 7937 D MainActivity: id=2131427329,2131427329
01-01 16:14:31.878 7937 7937 D MainActivity: action=2
01-01 16:14:31.878 7937 7937 D MainActivity: id=2131427329,2131427329
01-01 16:14:31.879 7937 7937 D MainActivity: action=1
01-01 16:14:31.879 7937 7937 D MainActivity: id=2131427329,2131427329
01-01 16:14:35.601 7937 7937 D MainActivity: action=0
01-01 16:14:35.601 7937 7937 D MainActivity: id=2131427329,2131427329
01-01 16:14:35.619 7937 7937 D MainActivity: action=2
01-01 16:14:35.619 7937 7937 D MainActivity: id=2131427329,2131427329
01-01 16:14:35.636 7937 7937 D MainActivity: action=2
01-01 16:14:35.636 7937 7937 D MainActivity: id=2131427329,2131427329
01-01 16:14:35.671 7937 7937 D MainActivity: action=2
01-01 16:14:35.671 7937 7937 D MainActivity: id=2131427329,2131427329
01-01 16:14:35.671 7937 7937 D MainActivity: action=1
01-01 16:14:35.671 7937 7937 D MainActivity: id=2131427329,2131427329
01-01 16:14:35.809 7937 7937 D MainActivity: action=0
01-01 16:14:35.809 7937 7937 D MainActivity: id=2131427329,2131427329
01-01 16:14:35.835 7937 7937 D MainActivity: action=2
01-01 16:14:35.835 7937 7937 D MainActivity: id=2131427329,2131427329
01-01 16:14:35.871 7937 7937 D MainActivity: action=2
01-01 16:14:35.871 7937 7937 D MainActivity: id=2131427329,2131427329
01-01 16:14:35.892 7937 7937 D MainActivity: action=1
01-01 16:14:35.892 7937 7937 D MainActivity: id=2131427329,2131427329
01-01 16:14:36.596 7937 7937 E Share : OnekeyShare--MainActivity
KeyEvent.KEYCODE_BACK:255
--------- beginning of system
01-01 16:14:36.681 7937 7937 W ViewRootImpl: Cancelling event due to no window
focus: KeyEvent { action=ACTION_UP, keyCode=KEYCODE_BACK, scanCode=0, metaState=0,
flags=0x68, repeatCount=0, eventTime=186388323, downTime=186388266, deviceId=-1,
source=0x101 }
01-01 16:14:36.681 7937 7937 W ViewRootImpl: Cancelling event due to no window
focus: KeyEvent { action=ACTION_UP, keyCode=KEYCODE_BACK, scanCode=0, metaState=0,
flags=0x68, repeatCount=0, eventTime=186388323, downTime=186388266, deviceId=-1,
source=0x101 }
01-01 16:14:36.681 7937 7937 W ViewRootImpl: Cancelling event due to no window
focus: KeyEvent { action=ACTION_UP, keyCode=KEYCODE_BACK, scanCode=0, metaState=0,
flags=0x68, repeatCount=0, eventTime=186388323, downTime=186388266, deviceId=-1,
source=0x101 }
01-01 16:14:36.681 7937 7937 W ViewRootImpl: Cancelling event due to no window
focus: KeyEvent { action=ACTION_UP, keyCode=KEYCODE_BACK, scanCode=0, metaState=0,
flags=0x68, repeatCount=0, eventTime=186388323, downTime=186388266, deviceId=-1,
source=0x101 }
01-01 16:14:36.681 7937 7937 W ViewRootImpl: Cancelling event due to no window
focus: KeyEvent { action=ACTION_UP, keyCode=KEYCODE_BACK, scanCode=0, metaState=0,
flags=0x68, repeatCount=0, eventTime=186388323, downTime=186388266, deviceId=-1,
source=0x101 }
01-01 16:14:36.681 7937 7937 W ViewRootImpl: Cancelling event due to no window
focus: KeyEvent { action=ACTION_UP, keyCode=KEYCODE_BACK, scanCode=0, metaState=0,
flags=0x68, repeatCount=0, eventTime=186388323, downTime=186388266, deviceId=-1,
source=0x101 }
01-01 16:14:36.681 7937 7937 W ViewRootImpl: Cancelling event due to no window
focus: KeyEvent { action=ACTION_UP, keyCode=KEYCODE_BACK, scanCode=0, metaState=0,
flags=0x68, repeatCount=0, eventTime=186388323, downTime=186388266, deviceId=-1,
source=0x101 }
01-01 16:14:36.682 7937 7937 W ViewRootImpl: Cancelling event due to no window
focus: KeyEvent { action=ACTION_UP, keyCode=KEYCODE_BACK, scanCode=0, metaState=0,
flags=0x68, repeatCount=0, eventTime=186388323, downTime=186388266, deviceId=-1,
source=0x101 }
01-01 16:14:36.682 7937 7937 W ViewRootImpl: Cancelling event due to no window
focus: KeyEvent { action=ACTION_UP, keyCode=KEYCODE_BACK, scanCode=0, metaState=0,
flags=0x68, repeatCount=0, eventTime=186388323, downTime=186388266, deviceId=-1,
source=0x101 }
01-01 16:14:39.819 7937 7937 D MainActivity: action=0
01-01 16:14:39.819 7937 7937 D MainActivity: id=2131427329,2131427329
01-01 16:14:39.837 7937 7937 D MainActivity: action=2
01-01 16:14:39.837 7937 7937 D MainActivity: id=2131427329,2131427329
01-01 16:14:39.853 7937 7937 D MainActivity: action=2
01-01 16:14:39.853 7937 7937 D MainActivity: id=2131427329,2131427329
01-01 16:14:39.870 7937 7937 D MainActivity: action=2
01-01 16:14:39.870 7937 7937 D MainActivity: id=2131427329,2131427329
01-01 16:14:39.891 7937 7937 D MainActivity: action=2
01-01 16:14:39.891 7937 7937 D MainActivity: id=2131427329,2131427329
01-01 16:14:39.892 7937 7937 D MainActivity: action=1
01-01 16:14:39.892 7937 7937 D MainActivity: id=2131427329,2131427329
01-01 16:14:41.146 7937 7937 E Share : OnekeyShare--MainActivity
KeyEvent.KEYCODE_BACK:255
01-01 16:14:42.063 7937 7937 D MainActivity: onPause
01-01 16:14:42.065 7937 7937 I SDL_android:
Java_com_geniatech_dvbcodec_ui_VideoGLSurfaceView_ChangeChannel >>In 151
01-01 16:14:42.065 7937 7937 I SDL : SDL_Android_Init()
01-01 16:14:42.065 7937 7937 I SDL : SDL_Android_Init() finished!
01-01 16:14:42.065 7937 7937 I SDL_android:
Java_com_geniatech_dvbcodec_ui_VideoGLSurfaceView_ChangeChannel >>Out 216
01-01 16:14:42.065 7937 7937 I ##JNI PadTV##: PadTV=>1514798082: tsplayStop In
m_isPlaying=0 Line=156!
01-01 16:14:42.076 7937 7984 D VideoGLSurfaceRenderer:
###onSurfaceChanged:1776;1080
01-01 16:14:42.078 7937 7984 I libgl2jni: glGetAttribLocation("vPosition") = 0
01-01 16:14:42.078 7937 7984 I libgl2jni: gvTextureHandle("a_texCoord") = 1
01-01 16:14:42.078 7937 7984 I libgl2jni:
>>>>>>>>>>>>>>>>>>>>>>>>nativeOnSurfaceChanged mode= 0
01-01 16:14:42.082 7937 7937 I ##JNI PadTV##: ##PadTV_Close In Line=288 ##
01-01 16:14:42.082 7937 7937 I ##JNI PadTV##: ##PadTV_Close .. Line=292 ##
01-01 16:14:42.082 7937 7937 I ##JNI PadTV##: PadTV=>1514798082: DVBMgr Close
m_bIsOpen=0 In Line=893
01-01 16:14:42.082 7937 7937 I ##JNI PadTV##:
01-01 16:14:42.082 7937 7937 I ##JNI PadTV##: ##PadTV_Close .. Line=296 ##
01-01 16:14:42.082 7937 7937 I ##JNI PadTV##: PadTV=>1514798082: ###DVBMgr==>
~DVBMgr delete epg Line=295
01-01 16:14:42.082 7937 7937 I ##JNI PadTV##: PadTV=>1514798082: ###DVBMgr==>
~DVBMgr delete Demux Line=303
01-01 16:14:42.082 7937 7937 I ##JNI PadTV##: PadTV=>1514798082: ###DVBMgr==>
~DVBMgr delete TsPlayer Line=311
01-01 16:14:42.082 7937 7937 I ##JNI PadTV##: PadTV=>1514798082: ###DVBMgr==>
~DVBMgr delete Factory Line=319
01-01 16:14:42.082 7937 7937 I ##JNI PadTV##: PadTV=>1514798082: ###DVBMgr==>
~DVBMgr Out Line=327
01-01 16:14:42.082 7937 7937 I ##JNI PadTV##: ##PadTV_Close Out##
01-01 16:14:42.082 7937 7937 D DVBClient: disconnect
01-01 16:14:42.163 7937 7937 D DVBService: onDestroy
01-01 16:14:42.304 7937 7937 W IInputConnectionWrapper: beginBatchEdit on
inactive InputConnection
01-01 16:14:42.304 7937 7937 W IInputConnectionWrapper: endBatchEdit on inactive
InputConnection
01-01 16:14:42.316 7937 7937 D MainActivity: onStop
01-01 16:14:42.335 7937 7937 E ActivityThread: Activity
com.Pad.tvapp.MainActivity has leaked IntentReceiver
com.Pad.tvapp.MainActivity$3@a335e99 that was originally registered here. Are you
missing a call to unregisterReceiver()?
01-01 16:14:42.335 7937 7937 E ActivityThread: android.app.IntentReceiverLeaked:
Activity com.Pad.tvapp.MainActivity has leaked IntentReceiver
com.Pad.tvapp.MainActivity$3@a335e99 that was originally registered here. Are you
missing a call to unregisterReceiver()?
01-01 16:14:42.335 7937 7937 E ActivityThread: at
android.app.LoadedApk$ReceiverDispatcher.<init>(LoadedApk.java:922)
01-01 16:14:42.335 7937 7937 E ActivityThread: at
android.app.LoadedApk.getReceiverDispatcher(LoadedApk.java:723)
01-01 16:14:42.335 7937 7937 E ActivityThread: at
android.app.ContextImpl.registerReceiverInternal(ContextImpl.java:1158)
01-01 16:14:42.335 7937 7937 E ActivityThread: at
android.app.ContextImpl.registerReceiver(ContextImpl.java:1138)
01-01 16:14:42.335 7937 7937 E ActivityThread: at
android.app.ContextImpl.registerReceiver(ContextImpl.java:1132)
01-01 16:14:42.335 7937 7937 E ActivityThread: at
android.content.ContextWrapper.registerReceiver(ContextWrapper.java:554)
01-01 16:14:42.335 7937 7937 E ActivityThread: at
com.Pad.tvapp.MainActivity.onCreate(MainActivity.java:528)
01-01 16:14:42.335 7937 7937 E ActivityThread: at
android.app.Activity.performCreate(Activity.java:6285)
01-01 16:14:42.335 7937 7937 E ActivityThread: at
android.app.Instrumentation.callActivityOnCreate(Instrumentation.java:1108)
01-01 16:14:42.335 7937 7937 E ActivityThread: at
android.app.ActivityThread.performLaunchActivity(ActivityThread.java:2417)
01-01 16:14:42.335 7937 7937 E ActivityThread: at
android.app.ActivityThread.handleLaunchActivity(ActivityThread.java:2524)
01-01 16:14:42.335 7937 7937 E ActivityThread: at
android.app.ActivityThread.access$900(ActivityThread.java:154)
01-01 16:14:42.335 7937 7937 E ActivityThread: at
android.app.ActivityThread$H.handleMessage(ActivityThread.java:1391)
01-01 16:14:42.335 7937 7937 E ActivityThread: at
android.os.Handler.dispatchMessage(Handler.java:102)
01-01 16:14:42.335 7937 7937 E ActivityThread: at
android.os.Looper.loop(Looper.java:234)
01-01 16:14:42.335 7937 7937 E ActivityThread: at
android.app.ActivityThread.main(ActivityThread.java:5526)
01-01 16:14:42.335 7937 7937 E ActivityThread: at
java.lang.reflect.Method.invoke(Native Method)
01-01 16:14:42.335 7937 7937 E ActivityThread: at
com.android.internal.os.ZygoteInit$MethodAndArgsCaller.run(ZygoteInit.java:726)
01-01 16:14:42.335 7937 7937 E ActivityThread: at
com.android.internal.os.ZygoteInit.main(ZygoteInit.java:616)

You might also like